 = 0. Let y be (-228)/(-10)*(12/x - 1). Let o = 179 + y. Calculate the highest common factor of 26 and o.
13
Let w be 17*5*(-5 + 66/10). Suppose 4*i + 66 - 230 = -3*g, -i = 4*g - 197. Suppose 3*t - 3 - g = 0. What is the highest common factor of t and w?
17
Let b(h) = 3*h**2 - 3*h - 4. Let j be b(-7). Suppose p - 5*s = -65, -45*p - s = -37*p + 725. Let n = p + j. What is the highest common factor of 185 and n?
37
Let o = 5808 - 5490. What is the highest common factor of o and 54?
6
Let o be (38/5)/(-2*(-5)/750). Let u be o/16 + (-6)/(-16). What is the greatest common factor of 612 and u?
36
Let v(u) = -11*u**3 + 38*u**2 - 7*u - 13. Let n be v(2). Let t = -209 + 505. What is the highest common divisor of t and n?
37
Let n = 669 - 651. Suppose -n*i + 2*i = -2400. Calculate the highest common divisor of i and 12.
6
Let h(u) = -u**3 + 22*u**2 + 129*u + 100. Let t be h(-14). Calculate the greatest common factor of 50 and t.
50
Suppose 3*m - 2*v = 407, 2*v - 12 = -8. Calculate the greatest common factor of 13837 and m.
137
Let k(v) = -15*v + 28. Let i be k(4). Let l be i/3*((-49)/28 - 8). Calculate the greatest common factor of 52 and l.
52
Let v be (-2*1 - -4) + 24/4. Let x = -256 - -471. Let a = -151 + x. What is the highest common divisor of v and a?
8
Let t(h) be the second derivative of h**4/6 + 3*h**3/2 + 3*h**2/2 + 3*h - 16. Let p be t(-7). What is the greatest common divisor of 38 and p?
38
Let p = -19 + 30. Suppose 0 = -3*y - p*y + 84. Suppose -88 = -10*v + y*v. Calculate the greatest common factor of 88 and v.
22
Let m = -8664 + 9854. Calculate the highest common factor of 250 and m.
10
Suppose -5 = 19*p - 14*p. Let n be (-111)/(-6) + ((-9)/6)/p. Suppose 0 = -4*w - n + 196. Calculate the highest common divisor of w and 4.
4
Let a = 7113 + -7093. Let s(o) = 2*o**3 + 2*o**2 + 4*o. Let g be s(5). Calculate the highest common factor of g and a.
20
Suppose -3*v = o - 327 + 288, 0 = -2*v - 4*o + 36. What is the highest common factor of v and 12?
12
Let h(o) = 228 - 242 + 2*o + 0*o. Suppose 9 - 37 = -2*m. Let n be h(m). Calculate the greatest common factor of 126 and n.
14
Suppose 0*b + 147 + 1693 = 20*b. Calculate the highest common factor of b and 8947.
23
Suppose 0*j = -5*j + 140. Suppose -l = 4 - 8. Suppose 3*m + 5*h - 193 = 0, -4*m + h + l*h + 199 = 0. What is the highest common factor of m and j?
28
Let r be 4*((-141)/(-4) - 1). Let m be r - ((4 - 6) + -1). Suppose -4*z + m = 5*i, 0*z = 2*i + 4*z - 44. What is the highest common factor of 24 and i?
8
Let b = 73 + 179. Let v be (612/(-30))/(-3 + (-27)/(-10)). Suppose v = 5*d - 247. What is the highest common divisor of b and d?
63
Let a = -199 - -182. Let r = 15 - a. Suppose 3*z - 171 + 27 = 0. Calculate the greatest common factor of r and z.
16
Let c = -383 + 409. Suppose -230 - 602 = -2*g. What is the greatest common factor of g and c?
26
Let s(c) = -2*c**3 - c**2 + 2. Let f be ((-1)/(-3)*0)/2. Let p be s(f). Calculate the highest common factor of p and 32.
2
Suppose 162*p = 183*p - 126. What is the greatest common factor of p and 678?
6
Let u be (-12 + 0)/(54/(-180)). Suppose 0 = -i + 2. Let b be 20/u*i*7. What is the highest common divisor of 1 and b?
1
Suppose -2*m + 3*l = -5168, l + 3220 = -5*m + 16140. Calculate the greatest common divisor of m and 608.
152
Suppose 5*o + 6 = 3*k + 45, 0 = -5*k + 2*o - 65. Let a be (1 + -5 + 0)*(-19 - k). Calculate the greatest common factor of a and 54.
6
Let u = -49 - -49. Let j(y) = -1 + u + y + 6 + 8. Let q be j(-5). Calculate the highest common factor of 24 and q.
8
Let w(z) = -z**2 + 19*z + 3. Let l be w(0). Let x be ((132/(-8))/(-11))/(l/20). Calculate the greatest common factor of x and 40.
10
Let l be (-1)/(-1) + 39/(-36) + (-1559532)/(-1872). What is the greatest common divisor of 3094 and l?
119
Let r be (-4)/88 + (-9202726)/(-836). What is the highest common divisor of 128 and r?
128
Suppose 367*n - 381*n + 644 = 0. Suppose 173 = 2*k - 195. What is the highest common factor of n and k?
46
Let p be ((-8)/(-28))/((-4)/(-112)). What is the greatest common factor of 2488 and p?
8
Let x be (-25*3)/(17 + 710/(-40)). Calculate the highest common divisor of 5700 and x.
100
Let b be -2 + (-132)/(-2) + 8. Let m be (-2)/((-196)/48 - -4). Calculate the highest common divisor of b and m.
24
Suppose 0 = 17*l + 2460 + 1042. Let q = -85 - l. Calculate the highest common factor of q and 1573.
121
Let n = -4487 + 5582. Calculate the highest common divisor of 30 and n.
15
Let y(s) = 26*s**2 + 38*s - 9. Suppose 0 = -5*g + a - 38, 2*a = -g + 5*a - 16. Let z be y(g). What is the greatest common factor of 37 and z?
37
Let h be 15 + (-8300)/(-25) - -7. What is the highest common factor of h and 3009?
177
Let r(a) = -4*a**2 + 72*a + 58. Let y be r(18). Calculate the greatest common factor of 26 and y.
2
Let g = 481 + -445. Let w be (-4)/2 - (-18 - g/6). What is the highest common divisor of w and 176?
22
Let m(p) = p**2 - 3*p - 10. Let b be m(-4). Let c = -202 + 544. What is the highest common factor of c and b?
18
Let b be -19 - 8965/(-473) - 1119212/(-172). What is the greatest common divisor of 3 and b?
3
Let j(l) = -2*l**3 - 192*l**2 - 199*l - 757. Let u be j(-95). What is the greatest common factor of u and 5537?
49
Suppose -4*c - 24 + 0 = 0. Let f be 1/(c/(-16)*16/24). Let r be f/(-10) + (-368)/(-20). What is the highest common factor of r and 2?
2
Suppose -5*x + 144 = -336. Let n(b) = -4073*b - 32568. Let r be n(-8). What is the highest common factor of r and x?
16
Let k(t) = -t**2 + 336*t - 17833. Let j be k(68). Suppose -4*l - 4*w + 48 = 0, 6*w = 4*l + w - 93. Calculate the highest common factor of j and l.
17
Suppose -2*m + 16 = 4*y, -5*m = -3*y - 0 - 1. Suppose 5*g - 595 = -m*n, -n = -19*g + 14*g + 580. What is the greatest common divisor of g and 26?
13
Let r be ((-400)/60)/(5/(-6)). Suppose d - g - 621 = 0, -10*d + r*d + g = -1245. What is the highest common factor of 48 and d?
48
Suppose -y + 10 = -4. Let l be 17 - (-2469)/18 - 1/6. Calculate the highest common divisor of y and l.
14
Let h = 38610 + -38393. Calculate the greatest common factor of 992 and h.
31
Suppose -1 = 2*l - 11. Suppose -3*j - 4*a - 818 = -l*j, -25 = 5*a. Calculate the greatest common factor of j and 21.
21
Let x be 317 - ((1 - -6) + -4). Let g be 8/14 + x/14. What is the greatest common divisor of g and 253?
23
Let p be 1/((-10)/80) - -42. What is the highest common divisor of p and 9214?
34
Suppose 0 = -g - a + 29, 2*g + 4*a + 479 = 531. Calculate the highest common divisor of 176 and g.
16
Suppose 4*z - 21*l = -19*l + 144, 5*l - 102 = -4*z. Calculate the highest common factor of z and 9669.
33
Suppose b - 3*a = 58 - 32, -5*b = -5*a - 110. Let c = 11 + -8. Suppose c*x = -x + b. Calculate the highest common factor of 5 and x.
5
Suppose 5*k + 80 = 280. Let l be (72/(-66))/(-12) - 375/11. Let o = k + l. Calculate the highest common divisor of o and 6.
6
Let n = -39 - -73. Let s = -244 - -262. Suppose s*d = 1282 + 1166. What is the greatest common factor of n and d?
34
Suppose 65*a = -3*k + 62*a + 51156, 3*a - 85246 = -5*k. What is the greatest common factor of 35 and k?
35
Let q = -19 - -9. Let g be (9 + q - 0/(-2))*-35. Let w = 49 - g. Calculate the highest common divisor of w and 2.
2
Let h be (((15 - -48) + -12)/(-1))/(3/(-217)). Calculate the highest common divisor of 651 and h.
217
Let y(i) = 30*i**2 - 11*i + 14. Let s(p) = -32*p**2 + 11*p - 13. Let k(b) = -3*s(b) - 2*y(b). Let t be k(1). Calculate the greatest common factor of 156 and t.
12
Let s = -194 - -211. Suppose 191 + 1832 = s*p. What is the greatest common factor of p and 51?
17
Suppose 100*a + 69378 = 748303 + 561275. What is the highest common divisor of a and 39?
39
Suppose h - 78 = -3*f, -3*h = -0 - 0. Suppose 0*o - o + 108 = -2*l, 4*o = -5*l + 406. Calculate the highest common divisor of o and f.
26
Let r be 4/(-18) + (-754)/(-234). Let z(p) = 5*p**2 - 6*p + 11. Let m be z(r). Calculate the greatest common divisor of 38 and m.
38
Let c = 882 + -459. Suppose 430*t - c*t = 70. Suppose -2*l + 15 = l. Calculate the highest common divisor of t and l.
5
Let j = 13 + 12. Suppose -29*w + 317 = -118. Calculate the highest common divisor of j and w.
5
Let v be ((-492)/15)/((-6)/30). Suppose -8*m = -4 - v. What is the 